{"id":96,"date":"2018-09-13T06:23:01","date_gmt":"2018-09-13T06:23:01","guid":{"rendered":"https:\/\/labtest.digitalmachine.co.nz\/?page_id=96"},"modified":"2025-07-29T12:31:45","modified_gmt":"2025-07-29T00:31:45","slug":"our-laboratory","status":"publish","type":"page","link":"https:\/\/www.awanuilabs.co.nz\/north\/auckland\/about-us\/our-laboratory\/","title":{"rendered":"About Awanui Labs"},"content":{"rendered":"\n<h1 class=\"wp-block-heading\">Our Laboratory<\/h1>\n\n\n\n<p>Awanui Labs has been providing pathology services to the Auckland community since August 2009.<\/p>\n\n\n\n<p>At Awanui Labs we recognise the importance of highly qualified staff, inspired leadership together with advanced information technology and automation to achieve service excellence. <\/p>\n\n\n\n<p>Our purpose-built, state of the art laboratory was designed for optimised efficiency.&nbsp; In 2020 we replaced our Siemens LabCell\u00ae with the Roche Cobas solution.&nbsp;This solution not only provides analytical benefits with state of the art analysers and middleware but also enabled the automation of our pre analytical (sample management), post analytical (archiving and retrieval) and automated sample transport to the Sysmex Haematology Sample Tracking (HST) line.<\/p>\n\n\n\n<p>The moment tubes are placed on our front end automation, the Roche middleware and our LIS system work together to manage the samples, recognising precisely where they need to go and then routing them for optimal efficiency. This reduces the number of steps required to sort, process and archive samples.<\/p>\n\n\n\n<p>The Roche Cobas solution manages thousands of samples a day with minimal downtime and operator intervention. The modular, flexible design of the Cobas analysers allow for expansion and updating as capacity or technology advances the same is true for the Sysmex Haematology Sample Tracking (HST) line. This solution has enabled us to increase our efficiency by removing unnecessary physical handling of the samples, cut down any room for human error, increases safety, accuracy, and speed and has future proofed our ability to continue to provide a high standard of service.<\/p>\n\n\n\n<p>Awanui Labs has invested in robust information technology systems. We have 100% redundant capacity built into our IT system to protect against system or equipment failures.<\/p>\n\n\n\n<h1 class=\"wp-block-heading\">Our Services<\/h1>\n\n\n\n<p>Awanui Labs puts patients first.&nbsp; As part of our commitment to the Auckland region we have over 50&nbsp;<a href=\"https:\/\/www.awanuilabs.co.nz\/north\/auckland\/labtests\/collection-centres\/\">collection centres<\/a>&nbsp;in addition to working with GP practices for the collection of samples.<\/p>\n\n\n\n<p>As part of the Auckland Regional District Health Board (ARDHB) contract, we provide a range of pathology services for all GP&#8217;s, public hospital clinics and Midwives for diagnostic testing for eligible patients.&nbsp; Awanui Labs will also provide commercial services for non funded requests.<\/p>\n\n\n\n<p>Our pathologists are available to provide all clinicians with expert advice and interpretation to assist in the patient&#8217;s ongoing management and care.<\/p>\n\n\n\n<p>In addition to laboratory testing, we provide extended services at the request of health practitioners.<\/p>\n\n\n\n<p>These include;<\/p>\n\n\n\n<ul>\n<li>Specimen collection services<\/li>\n\n\n\n<li>Courier pickup<\/li>\n\n\n\n<li>A home visit specimen collection service for eligible patients<\/li>\n\n\n\n<li>Continuing professional development education<\/li>\n<\/ul>\n\n\n\n<h1 class=\"wp-block-heading\">Our Values<\/h1>\n\n\n\n<p>\u014c m\u0101tou m\u0101t\u0101pono<br><strong>Our values<\/strong><\/p>\n\n\n\n<p>Our values are a simple but powerful foundation for a shared understanding of what matters in our workplaces, our culture, how we operate, and what distinguishes us as an organisation.<\/p>\n\n\n\n<p>Manaakitanga<br><strong>We Care<\/strong>&nbsp;for each other and the people we serve<\/p>\n\n\n\n<p>Whakapakari<br><strong>We Improve<\/strong>\u00a0and adapt to create opportunities for success.<\/p>\n\n\n\n<p>Hiranga<br><strong>We Deliver\u00a0<\/strong>the highest quality medical and scientific expertise<\/p>\n\n\n\n<p><br><\/p>\n","protected":false},"excerpt":{"rendered":"Our Laboratory Awanui Labs has been providing pathology services to the Auckland community since August 2009. At Awanui Labs we recognise the importance of highly qualified staff, inspired leadership together with advanced information technology and automation to achieve service excellence. Our purpose-built, state of the art laboratory was designed for optimised efficiency.&nbsp; In 2020 we [&hellip;]","protected":false},"author":1,"featured_media":0,"parent":94,"menu_order":0,"comment_status":"closed","ping_status":"closed","template":"page-left-sidebar.php","meta":{"footnotes":""},"yoast_head":"<!-- This site is optimized with the Yoast SEO plugin v24.2 - https:\/\/yoast.com\/wordpress\/plugins\/seo\/ -->\n<title>About Awanui Labs - Awanui Labs - Auckland<\/title>\n<meta name=\"description\" content=\"Awanui Labs has been providing pathology services to the Auckland community since August 2009. At Awanui Labs we recognise the importance of highly qualified staff, inspired leadership together with advanced information technology and automation to achieve service excellence.\" \/>\n<meta name=\"robots\" content=\"index, follow, max-snippet:-1, max-image-preview:large, max-video-preview:-1\" \/>\n<link rel=\"canonical\" href=\"https:\/\/www.awanuilabs.co.nz\/north\/auckland\/about-us\/our-laboratory\/\" \/>\n<meta property=\"og:locale\" content=\"en_US\" \/>\n<meta property=\"og:type\" content=\"article\" \/>\n<meta property=\"og:title\" content=\"About Awanui Labs - Awanui Labs - Auckland\" \/>\n<meta property=\"og:description\" content=\"Awanui Labs has been providing pathology services to the Auckland community since August 2009. At Awanui Labs we recognise the importance of highly qualified staff, inspired leadership together with advanced information technology and automation to achieve service excellence.\" \/>\n<meta property=\"og:url\" content=\"https:\/\/www.awanuilabs.co.nz\/north\/auckland\/about-us\/our-laboratory\/\" \/>\n<meta property=\"og:site_name\" content=\"Awanui Labs - Auckland\" \/>\n<meta property=\"article:modified_time\" content=\"2025-07-29T00:31:45+00:00\" \/>\n<meta property=\"og:image\" content=\"https:\/\/fl-healthscope-media.s3.amazonaws.com\/lab-sites\/uploads\/sites\/2\/2024\/01\/Awanui-Labs-Lab-Technician-min.jpeg\" \/>\n\t<meta property=\"og:image:width\" content=\"2000\" \/>\n\t<meta property=\"og:image:height\" content=\"917\" \/>\n\t<meta property=\"og:image:type\" content=\"image\/jpeg\" \/>\n<meta name=\"twitter:card\" content=\"summary_large_image\" \/>\n<meta name=\"twitter:label1\" content=\"Est. reading time\" \/>\n\t<meta name=\"twitter:data1\" content=\"3 minutes\" \/>\n<script type=\"application\/ld+json\" class=\"yoast-schema-graph\">{\"@context\":\"https:\/\/schema.org\",\"@graph\":[{\"@type\":\"WebPage\",\"@id\":\"https:\/\/www.awanuilabs.co.nz\/north\/auckland\/about-us\/our-laboratory\/\",\"url\":\"https:\/\/www.awanuilabs.co.nz\/north\/auckland\/about-us\/our-laboratory\/\",\"name\":\"About Awanui Labs - Awanui Labs - Auckland\",\"isPartOf\":{\"@id\":\"https:\/\/www.awanuilabs.co.nz\/north\/auckland\/#website\"},\"datePublished\":\"2018-09-13T06:23:01+00:00\",\"dateModified\":\"2025-07-29T00:31:45+00:00\",\"description\":\"Awanui Labs has been providing pathology services to the Auckland community since August 2009. At Awanui Labs we recognise the importance of highly qualified staff, inspired leadership together with advanced information technology and automation to achieve service excellence.\",\"breadcrumb\":{\"@id\":\"https:\/\/www.awanuilabs.co.nz\/north\/auckland\/about-us\/our-laboratory\/#breadcrumb\"},\"inLanguage\":\"en-NZ\",\"potentialAction\":[{\"@type\":\"ReadAction\",\"target\":[\"https:\/\/www.awanuilabs.co.nz\/north\/auckland\/about-us\/our-laboratory\/\"]}]},{\"@type\":\"BreadcrumbList\",\"@id\":\"https:\/\/www.awanuilabs.co.nz\/north\/auckland\/about-us\/our-laboratory\/#breadcrumb\",\"itemListElement\":[{\"@type\":\"ListItem\",\"position\":1,\"name\":\"Home\",\"item\":\"https:\/\/www.awanuilabs.co.nz\/north\/auckland\/\"},{\"@type\":\"ListItem\",\"position\":2,\"name\":\"About us\",\"item\":\"https:\/\/www.awanuilabs.co.nz\/north\/auckland\/about-us\/\"},{\"@type\":\"ListItem\",\"position\":3,\"name\":\"About Awanui Labs\"}]},{\"@type\":\"WebSite\",\"@id\":\"https:\/\/www.awanuilabs.co.nz\/north\/auckland\/#website\",\"url\":\"https:\/\/www.awanuilabs.co.nz\/north\/auckland\/\",\"name\":\"Awanui Labs - Auckland\",\"description\":\"Laboratory and pathology services\",\"publisher\":{\"@id\":\"https:\/\/www.awanuilabs.co.nz\/north\/auckland\/#organization\"},\"potentialAction\":[{\"@type\":\"SearchAction\",\"target\":{\"@type\":\"EntryPoint\",\"urlTemplate\":\"https:\/\/www.awanuilabs.co.nz\/north\/auckland\/?s={search_term_string}\"},\"query-input\":{\"@type\":\"PropertyValueSpecification\",\"valueRequired\":true,\"valueName\":\"search_term_string\"}}],\"inLanguage\":\"en-NZ\"},{\"@type\":\"Organization\",\"@id\":\"https:\/\/www.awanuilabs.co.nz\/north\/auckland\/#organization\",\"name\":\"Awanui Labs \u2013 Auckland\",\"url\":\"https:\/\/www.awanuilabs.co.nz\/north\/auckland\/\",\"logo\":{\"@type\":\"ImageObject\",\"inLanguage\":\"en-NZ\",\"@id\":\"https:\/\/www.awanuilabs.co.nz\/north\/auckland\/#\/schema\/logo\/image\/\",\"url\":\"https:\/\/fl-healthscope-media.s3.amazonaws.com\/lab-sites\/uploads\/sites\/2\/2024\/01\/RGB_Awanui-Labs-horizonal-colour-positive-1.svg\",\"contentUrl\":\"https:\/\/fl-healthscope-media.s3.amazonaws.com\/lab-sites\/uploads\/sites\/2\/2024\/01\/RGB_Awanui-Labs-horizonal-colour-positive-1.svg\",\"width\":861,\"height\":133,\"caption\":\"Awanui Labs \u2013 Auckland\"},\"image\":{\"@id\":\"https:\/\/www.awanuilabs.co.nz\/north\/auckland\/#\/schema\/logo\/image\/\"}}]}<\/script>\n<!-- \/ Yoast SEO plugin. -->","yoast_head_json":{"title":"About Awanui Labs - Awanui Labs - Auckland","description":"Awanui Labs has been providing pathology services to the Auckland community since August 2009. At Awanui Labs we recognise the importance of highly qualified staff, inspired leadership together with advanced information technology and automation to achieve service excellence.","robots":{"index":"index","follow":"follow","max-snippet":"max-snippet:-1","max-image-preview":"max-image-preview:large","max-video-preview":"max-video-preview:-1"},"canonical":"https:\/\/www.awanuilabs.co.nz\/north\/auckland\/about-us\/our-laboratory\/","og_locale":"en_US","og_type":"article","og_title":"About Awanui Labs - Awanui Labs - Auckland","og_description":"Awanui Labs has been providing pathology services to the Auckland community since August 2009. At Awanui Labs we recognise the importance of highly qualified staff, inspired leadership together with advanced information technology and automation to achieve service excellence.","og_url":"https:\/\/www.awanuilabs.co.nz\/north\/auckland\/about-us\/our-laboratory\/","og_site_name":"Awanui Labs - Auckland","article_modified_time":"2025-07-29T00:31:45+00:00","og_image":[{"width":2000,"height":917,"url":"https:\/\/fl-healthscope-media.s3.amazonaws.com\/lab-sites\/uploads\/sites\/2\/2024\/01\/Awanui-Labs-Lab-Technician-min.jpeg","type":"image\/jpeg"}],"twitter_card":"summary_large_image","twitter_misc":{"Est. reading time":"3 minutes"},"schema":{"@context":"https:\/\/schema.org","@graph":[{"@type":"WebPage","@id":"https:\/\/www.awanuilabs.co.nz\/north\/auckland\/about-us\/our-laboratory\/","url":"https:\/\/www.awanuilabs.co.nz\/north\/auckland\/about-us\/our-laboratory\/","name":"About Awanui Labs - Awanui Labs - Auckland","isPartOf":{"@id":"https:\/\/www.awanuilabs.co.nz\/north\/auckland\/#website"},"datePublished":"2018-09-13T06:23:01+00:00","dateModified":"2025-07-29T00:31:45+00:00","description":"Awanui Labs has been providing pathology services to the Auckland community since August 2009. At Awanui Labs we recognise the importance of highly qualified staff, inspired leadership together with advanced information technology and automation to achieve service excellence.","breadcrumb":{"@id":"https:\/\/www.awanuilabs.co.nz\/north\/auckland\/about-us\/our-laboratory\/#breadcrumb"},"inLanguage":"en-NZ","potentialAction":[{"@type":"ReadAction","target":["https:\/\/www.awanuilabs.co.nz\/north\/auckland\/about-us\/our-laboratory\/"]}]},{"@type":"BreadcrumbList","@id":"https:\/\/www.awanuilabs.co.nz\/north\/auckland\/about-us\/our-laboratory\/#breadcrumb","itemListElement":[{"@type":"ListItem","position":1,"name":"Home","item":"https:\/\/www.awanuilabs.co.nz\/north\/auckland\/"},{"@type":"ListItem","position":2,"name":"About us","item":"https:\/\/www.awanuilabs.co.nz\/north\/auckland\/about-us\/"},{"@type":"ListItem","position":3,"name":"About Awanui Labs"}]},{"@type":"WebSite","@id":"https:\/\/www.awanuilabs.co.nz\/north\/auckland\/#website","url":"https:\/\/www.awanuilabs.co.nz\/north\/auckland\/","name":"Awanui Labs - Auckland","description":"Laboratory and pathology services","publisher":{"@id":"https:\/\/www.awanuilabs.co.nz\/north\/auckland\/#organization"},"potentialAction":[{"@type":"SearchAction","target":{"@type":"EntryPoint","urlTemplate":"https:\/\/www.awanuilabs.co.nz\/north\/auckland\/?s={search_term_string}"},"query-input":{"@type":"PropertyValueSpecification","valueRequired":true,"valueName":"search_term_string"}}],"inLanguage":"en-NZ"},{"@type":"Organization","@id":"https:\/\/www.awanuilabs.co.nz\/north\/auckland\/#organization","name":"Awanui Labs \u2013 Auckland","url":"https:\/\/www.awanuilabs.co.nz\/north\/auckland\/","logo":{"@type":"ImageObject","inLanguage":"en-NZ","@id":"https:\/\/www.awanuilabs.co.nz\/north\/auckland\/#\/schema\/logo\/image\/","url":"https:\/\/fl-healthscope-media.s3.amazonaws.com\/lab-sites\/uploads\/sites\/2\/2024\/01\/RGB_Awanui-Labs-horizonal-colour-positive-1.svg","contentUrl":"https:\/\/fl-healthscope-media.s3.amazonaws.com\/lab-sites\/uploads\/sites\/2\/2024\/01\/RGB_Awanui-Labs-horizonal-colour-positive-1.svg","width":861,"height":133,"caption":"Awanui Labs \u2013 Auckland"},"image":{"@id":"https:\/\/www.awanuilabs.co.nz\/north\/auckland\/#\/schema\/logo\/image\/"}}]}},"featured_image_src":null,"featured_image_src_square":null,"_links":{"self":[{"href":"https:\/\/www.awanuilabs.co.nz\/north\/auckland\/wp-json\/wp\/v2\/pages\/96"}],"collection":[{"href":"https:\/\/www.awanuilabs.co.nz\/north\/auckland\/wp-json\/wp\/v2\/pages"}],"about":[{"href":"https:\/\/www.awanuilabs.co.nz\/north\/auckland\/wp-json\/wp\/v2\/types\/page"}],"author":[{"embeddable":true,"href":"https:\/\/www.awanuilabs.co.nz\/north\/auckland\/wp-json\/wp\/v2\/users\/1"}],"replies":[{"embeddable":true,"href":"https:\/\/www.awanuilabs.co.nz\/north\/auckland\/wp-json\/wp\/v2\/comments?post=96"}],"version-history":[{"count":13,"href":"https:\/\/www.awanuilabs.co.nz\/north\/auckland\/wp-json\/wp\/v2\/pages\/96\/revisions"}],"predecessor-version":[{"id":5433,"href":"https:\/\/www.awanuilabs.co.nz\/north\/auckland\/wp-json\/wp\/v2\/pages\/96\/revisions\/5433"}],"up":[{"embeddable":true,"href":"https:\/\/www.awanuilabs.co.nz\/north\/auckland\/wp-json\/wp\/v2\/pages\/94"}],"wp:attachment":[{"href":"https:\/\/www.awanuilabs.co.nz\/north\/auckland\/wp-json\/wp\/v2\/media?parent=96"}],"curies":[{"name":"wp","href":"https:\/\/api.w.org\/{rel}","templated":true}]}}